{"id":24,"date":"2023-09-23T12:49:06","date_gmt":"2023-09-23T12:49:06","guid":{"rendered":"https:\/\/gezopft.ch\/?page_id=24"},"modified":"2025-04-11T18:34:48","modified_gmt":"2025-04-11T18:34:48","slug":"ueber-mich","status":"publish","type":"page","link":"https:\/\/gezopft.ch\/?page_id=24","title":{"rendered":"\u00dcber mich"},"content":{"rendered":"\n<p>Ich bin Erik (11 Jahre) aus B\u00fcetigen. Meine gr\u00f6sste Leidenschaft ist das Rollhockey beim Verein <a href=\"https:\/\/www.rhcd.ch\" target=\"_blank\" rel=\"noreferrer noopener\">RHCD (Rollhockey Diessbach)<\/a>.<\/p>\n\n\n\n<figure class=\"wp-block-image size-large\"><img loading=\"lazy\" decoding=\"async\" width=\"1024\" height=\"682\" src=\"https:\/\/gezopft.ch\/wp-content\/uploads\/2023\/09\/20230701-DSC04877-1024x682.jpeg\" alt=\"\" class=\"wp-image-56\" srcset=\"https:\/\/gezopft.ch\/wp-content\/uploads\/2023\/09\/20230701-DSC04877-1024x682.jpeg 1024w, https:\/\/gezopft.ch\/wp-content\/uploads\/2023\/09\/20230701-DSC04877-300x200.jpeg 300w, https:\/\/gezopft.ch\/wp-content\/uploads\/2023\/09\/20230701-DSC04877-768x512.jpeg 768w, https:\/\/gezopft.ch\/wp-content\/uploads\/2023\/09\/20230701-DSC04877-1536x1024.jpeg 1536w, https:\/\/gezopft.ch\/wp-content\/uploads\/2023\/09\/20230701-DSC04877.jpeg 1772w\" sizes=\"auto, (max-width: 1024px) 100vw, 1024px\" \/><figcaption class=\"wp-element-caption\">Quelle: Lebkuchenhaus Productions<\/figcaption><\/figure>\n\n\n\n<p><\/p>\n\n\n\n<p><\/p>\n\n\n\n<div class=\"wp-block-group is-nowrap is-layout-flex wp-container-core-group-is-layout-6c531013 wp-block-group-is-layout-flex\">\n<figure class=\"wp-block-image size-full\"><img loading=\"lazy\" decoding=\"async\" width=\"324\" height=\"435\" src=\"https:\/\/gezopft.ch\/wp-content\/uploads\/2023\/09\/erik-portrait.jpg\" alt=\"\" class=\"wp-image-58\" srcset=\"https:\/\/gezopft.ch\/wp-content\/uploads\/2023\/09\/erik-portrait.jpg 324w, https:\/\/gezopft.ch\/wp-content\/uploads\/2023\/09\/erik-portrait-223x300.jpg 223w\" sizes=\"auto, (max-width: 324px) 100vw, 324px\" \/><\/figure>\n\n\n\n<p>F\u00fcr den Sonntagsbrunch bin ich immer zust\u00e4ndig f\u00fcr den Zopf.<\/p>\n<\/div>\n","protected":false},"excerpt":{"rendered":"<p>Ich bin Erik (11 Jahre) aus B\u00fcetigen. Meine gr\u00f6sste Leidenschaft ist das Rollhockey beim Verein RHCD (Rollhockey Diessbach). F\u00fcr den Sonntagsbrunch bin ich immer zust\u00e4ndig f\u00fcr den Zopf.<\/p>\n","protected":false},"author":1,"featured_media":0,"parent":0,"menu_order":0,"comment_status":"closed","ping_status":"closed","template":"","meta":{"footnotes":"[]"},"class_list":["post-24","page","type-page","status-publish","hentry"],"_links":{"self":[{"href":"https:\/\/gezopft.ch\/index.php?rest_route=\/wp\/v2\/pages\/24","targetHints":{"allow":["GET"]}}],"collection":[{"href":"https:\/\/gezopft.ch\/index.php?rest_route=\/wp\/v2\/pages"}],"about":[{"href":"https:\/\/gezopft.ch\/index.php?rest_route=\/wp\/v2\/types\/page"}],"author":[{"embeddable":true,"href":"https:\/\/gezopft.ch\/index.php?rest_route=\/wp\/v2\/users\/1"}],"replies":[{"embeddable":true,"href":"https:\/\/gezopft.ch\/index.php?rest_route=%2Fwp%2Fv2%2Fcomments&post=24"}],"version-history":[{"count":6,"href":"https:\/\/gezopft.ch\/index.php?rest_route=\/wp\/v2\/pages\/24\/revisions"}],"predecessor-version":[{"id":77,"href":"https:\/\/gezopft.ch\/index.php?rest_route=\/wp\/v2\/pages\/24\/revisions\/77"}],"wp:attachment":[{"href":"https:\/\/gezopft.ch\/index.php?rest_route=%2Fwp%2Fv2%2Fmedia&parent=24"}],"curies":[{"name":"wp","href":"https:\/\/api.w.org\/{rel}","templated":true}]}}